 is divided by 218?
19
Let o(w) = 89*w + 3*w**3 + 8*w**2 - 95*w - 2*w**3 - 10. Suppose 0 = 3*h - 0*h + 24. What is the remainder when o(h) is divided by 8?
6
Let a = -1217 + 1243. Calculate the remainder when (7 - 4)*194/6 is divided by a.
19
Let f be 32/40*75/(-1). Let w(a) = -a**3 - 2*a**2 + 4*a + 30. Calculate the remainder when w(0) is divided by ((-6)/4)/(10/f).
3
Let p(r) = 2*r**2 - 84*r + 141. What is the remainder when p(44) is divided by 6?
5
Suppose -5*s = 3*m - 1195, 2*m - 11*s - 803 = -8*s. What is the remainder when m is divided by 51?
43
Suppose q = -1, 4*z + q = -7 + 26. Let t be 40/(-16)*(-12)/z. Suppose -2*i = -i - t. What is the remainder when 7 is divided by i?
1
Let y(k) = 10*k - 9. Suppose 2*a = 2*u - a - 291, u - 5*a = 135. Let q = u - 134. What is the remainder when y(4) is divided by q?
15
Let o(w) = w**3 + 18*w**2 + 41*w - 3. Suppose 4 = 4*v + 2*n, 4*v - 2 = 3*n + 2. Calculate the remainder when o(-15) is divided by 1*29 + 0 + v.
27
Let s(y) be the first derivative of -19*y**2/2 + 5*y + 23. Let f be s(5). Let d = -76 - f. What is the remainder when 97 is divided by d?
13
Let j(p) = p**3 - 3*p**2 + p. Let v be j(3). Suppose 17 - v = 7*m. What is the remainder when 5 is divided by m?
1
Let u(z) = z**2 - 2*z - 8. Let f be (-26)/((-5)/((-10)/(-4))). Suppose -5*h = -12 - f. Calculate the remainder when u(-3) is divided by h.
2
Let t(n) = n + 3*n - 33 + 15 + 14. Let j be t(-5). Let i = j + 52. Calculate the remainder when i is divided by 16.
12
Let z(a) = -3*a - 26. Let f(v) = -3*v**2 + 2*v. Let r be f(2). Let l be z(r). Let d(g) = -2*g**3 - g**2 - 2*g. What is the remainder when 45 is divided by d(l)?
13
Suppose 8*u - 454 = 418. Suppose -5*i + 21 = -u. Suppose -3*y = i - 68. Calculate the remainder when y is divided by 8.
6
Suppose 34*q + 69 - 1020 - 1021 = 0. What is the remainder when 138 is divided by q?
22
What is the remainder when -4 + 194 + 1 - -3 is divided by (9 + -9)*(-2)/4*-1 - -11?
7
Suppose 4*o - 1991 = -4*z - 279, 4*o + 2059 = 5*z. What is the remainder when 12566 is divided by z?
415
Suppose 313*o - 627*o + 1059 = -313*o. Calculate the remainder when o is divided by 260.
19
Suppose -24*i - 32*i = 7*i - 63378. What is the remainder when i is divided by 490?
26
Let x = -512864 + 512873. Let a(c) = -24*c. Calculate the remainder when a(-1) is divided by x.
6
Suppose 49*b = -113 + 750. Let o(i) = 5*i**2 - 26*i - 12. Calculate the remainder when o(7) is divided by b.
12
Let r(p) = p**3 + 3*p**2 - 4*p - 3. Suppose j + 12 - 136 = 0. Let q = -126 + j. Calculate the remainder when 35 is divided by r(q).
8
Let i = 8745 + -8674. What is the remainder when i is divided by 37?
34
Suppose 5*q - 4*f - 162 = 140, -3*f - 242 = -4*q. Calculate the remainder when -1 + 9177/77 - (5 + 265/(-55)) is divided by q.
56
Let y = 2701 + -2685. What is the remainder when 114 is divided by y?
2
Let j(i) = -i**3 + 5*i**2 + 3*i - 19. Let y be j(5). Let a be 0 + (4 - (1 + -3)). What is the remainder when (172/(-6))/(y/a*1) is divided by 9?
7
Let j be 8/5 + (-2)/(-5). Let x(d) = -52 + 25*d**2 - 20*d - 15*d**j - 11*d**2. What is the remainder when 66 is divided by x(-15)?
20
Let g(k) = -32. Let p(u) = -u + 1. Let m(v) = g(v) - 2*p(v). Let f be m(-10). Let n = f + 59. Calculate the remainder when 14 is divided by n.
4
Suppose -11*b + 12*b - 5*m = 714, -3*b + 2074 = 2*m. Suppose b = 4*i + 438. Calculate the remainder when 119 is divided by i.
55
Let l = 643 + -575. Let c(t) = -t**2 + 4*t + 7. Let d be c(5). Calculate the remainder when l is divided by 16 + (-1 - 3)/d.
12
Suppose 0 = -0*x - 3*x - q + 175, -2*x - 4*q + 120 = 0. Calculate the remainder when 164 is divided by x.
48
Let m(h) = -110*h - 4. What is the remainder when m(-1) is divided by 6 + (402/33 - (-4)/(-22))?
16
Let i(n) = 413*n + 847. What is the remainder when 4781 is divided by i(-2)?
14
Let t(g) = -11*g**2 - 17*g - 16. Let z be t(-1). Let i(l) = l**2 + 5*l - 34. Calculate the remainder when 28 is divided by i(z).
12
Let j(g) = -3*g**2 - 220*g - 13. What is the remainder when j(-10) is divided by 118?
117
Suppose 186*g + 199 - 2887 = -38*g. Calculate the remainder when 1594 is divided by g.
10
Let m = 75 + -12. Let p = 72 - m. Suppose 7*n - p*n = -178. Calculate the remainder when n is divided by 18.
17
Suppose 0 = 2*s, 2*u - u = s + 21. Let d be 70/u*48/20. Suppose -8*q + d = -6*q. Calculate the remainder when 9 is divided by q.
1
Suppose -5*a + 4*s + 83 = 0, -11*s + 6*s = 4*a - 91. Let j(c) = c + 2. What is the remainder when 124 is divided by j(a)?
19
Let b = -7716 - -7950. What is the remainder when 934 is divided by b?
232
Let u(o) = -4*o + 72. Let q be u(19). Calculate the remainder when 98 is divided by 25/(((-32)/q)/8).
23
Calculate the remainder when (-260)/120 + (-4)/(-6) - 168756/(-24) is divided by 293.
291
Let w = 2402 - 2135. Calculate the remainder when w is divided by 26.
7
Let o(p) = -20*p - 7. Let c be o(-2). Let j = 33 - c. Suppose j = -4*y - y + 235. What is the remainder when y is divided by 12?
11
Let m(n) = n**3 - n**2 - 5*n + 6. Let l be m(2). Suppose -7*r + 445 + 255 = l. What is the remainder when r is divided by 34?
32
What is the remainder when 3456 is divided by ((-5440)/(-140) - -4)/((-2)/(-7))?
6
Let v = 191 + -186. Suppose 0 = -v*q + 4*t + 60, -t = -q - 0*t + 13. What is the remainder when 22 is divided by q?
6
Let z = -4933 + 4952. Suppose v - 2*y = 2*y + 166, 5*y + 167 = v. Suppose f + 2*f = -3*h + 231, -4*f + v = 2*h. What is the remainder when h is divided by z?
16
Let t(v) = 12*v**2 - 40*v**2 + 15*v**2 - 24 + 14*v**2 + 4*v. Let f be t(-7). What is the remainder when 25 is divided by (-5 + 26)*(-2)/f?
11
Calculate the remainder when 344 - (-18)/(-4)*290/261 is divided by 14.
3
Suppose 156 = -735*v + 738*v - 3*w, -w - 288 = -5*v. What is the remainder when 183 is divided by v?
6
Calculate the remainder when 1735286/84 + -2 + 66/36 is divided by 71.
68
Suppose -5*q + 926 = v - 9*q, 5*q + 1837 = 2*v. Suppose -13*p + 7*p + v = 0. Calculate the remainder when p is divided by 51.
49
Let m = -135 + 138. Suppose -w - 135 = -3*n, n - m*w = -6*w + 55. Calculate the remainder when 225 is divided by n.
41
Let t(h) = 2*h**3 + 2*h**2 - h - 5. Let y be (-21)/56 + 81/24. Let m be t(y). Let z = m - 28. Calculate the remainder when z is divided by 19.
17
Calculate the remainder when 558 is divided by 440/66*((-318)/(-24) - (-1)/4).
18
Let n(k) = -172*k**2 + k. Let a be n(1). Let m be (-1 - -1 - -8)/(22/121). Let t = m - a. What is the remainder when t is divided by 36?
35
Let h be (2*2*-3)/(-2). Let u be (-15)/(-6)*(-5)/((-25)/h). Suppose 0 = u*k - k - 54. What is the remainder when 49 is divided by k?
22
Suppose -4*j + 2674 = 3*i + 1071, j + 4*i = 404. Calculate the remainder when 2011 is divided by j.
11
Suppose 41 - 29 = m. Suppose 0 = -m*p + 16*p - 88. Calculate the remainder when p is divided by 0 + 19/((-57)/(-36)).
10
Let l = -61 + 80. Suppose 0 = -3*t + 3*v + 75, -2 = -t - v + l. What is the remainder when 87 is divided by t?
18
Let w be (-10 - -54)/(-11)*(1 + -2). Suppose 4*c - w*q - 80 = 0, 28*q - 33*q + 100 = 3*c. What is the remainder when 623 is divided by c?
23
Let v = 18 - 20. Suppose 1606 = 12*z + 10*z. Calculate the remainder when z is divided by -2 + 4 - (v - 11).
13
Let v = 1249 + -1210. Calculate the remainder when v is divided by 10.
9
Suppose 2412 - 2861 = -2*w + 3*x, -5*w + 5*x = -1135. What is the remainder when 4165 is divided by w?
221
Let d be 8/40 - (-382)/(-10). Let u = 162 - d. Calculate the remainder when u is divided by 51.
47
Suppose 2*m - 4*k - 16 = 0, 4*m + 3*k = 3*m - 7. Let r = -2021 + 2024. Calculate the remainder when r is divided by m.
1
Let i be (5/1)/(13 + -14). Let g be 3*(-3 + (200/(-12))/i). Calculate the remainder when (-195)/2*((-30)/18 + g) is divided by 22.
21
Suppose -c = -s - 1860, -3*c + 9270 = -5*s - 8*c. Let g = -1326 - s. Calculate the remainder when g is divided by 19.
18
Let k(o) = 38*o**2 + 126*o + 4265. What is the remainder when k(-34) is divided by 9?
7
Suppose 2*y - 6817 = -x, y = 12*x - 14*x + 13637. Calculate the remainder when x is divided by 6.
3
Suppose 8*b + 5006 = 1814. Let v = b + 496. What is the remainder when v is divided by 26?
19
Let t(n) = n**2 + 571*n + 6998. Calculate the remaind